{"id":2712,"date":"2019-03-25T13:42:32","date_gmt":"2019-03-25T12:42:32","guid":{"rendered":"http:\/\/sigma-plus.hr\/?page_id=2712"},"modified":"2019-03-25T13:42:32","modified_gmt":"2019-03-25T12:42:32","slug":"kvaliteta-plus","status":"publish","type":"page","link":"https:\/\/test.sigma-plus.hr\/?page_id=2712","title":{"rendered":"Kvaliteta plus"},"content":{"rendered":"\n<hr class=\"wp-block-separator\"\/>\n\n\n\n<div class=\"wp-block-image\"><figure class=\"alignleft size-large is-resized\"><img loading=\"lazy\" decoding=\"async\" src=\"https:\/\/test.sigma-plus.hr\/wp-content\/uploads\/2019\/01\/kvaliteta_logo1.jpg\" alt=\"\" width=\"212\" height=\"212\"\/><\/figure><\/div>\n\n\n\n<h4 class=\"wp-block-heading\">Suvremeni skladi\u0161ni sustav u slu\u017ebi visoke kvalitete zavr\u0161ne obrade materijala<\/h4>\n\n\n\n<p>Od preuzimanja iz tvornice proizvo\u0111a\u010da, preko krojenja i do kona\u010dne isporuke gotovih elemenata, mogu\u0107nost ogrebotina je svedena na najmanju mogu\u0107u mjeru, prakti\u010dno, ogrebotina nema. Ra\u010dunalno vo\u0111enim, automatskim horizontalnim \/ podnim skladi\u0161tem, stolarima nudimo iskrojene elemente uz dodatnu KVALITETU PLUS.<\/p>\n\n\n\n<p><\/p>\n\n\n\n<hr class=\"wp-block-separator\"\/>\n\n\n\n<h2 class=\"editor-rich-text__editable block-editor-rich-text__editable wp-block-heading\">VISOKA KVALITETA ZAVR\u0160NE OBRADE<\/h2>\n\n\n\n<h5 class=\"wp-block-heading\">Na na\u0161em tr\u017ei\u0161tu, u poplavi ponude materijala niskog cjenovnog razreda i niske kvalitete. Sigma Plus se odlu\u010dila okrenuti prema onome \u0161to se mo\u017ee nazvati \u201ckvaliteta plus\u201d. Za istu cijenu, kupcima nudimo kvalitetnije materijale i bolju uslugu izrade.<\/h5>\n\n\n\n<div class=\"wp-block-image\"><figure class=\"alignright size-large is-resized\"><img loading=\"lazy\" decoding=\"async\" src=\"https:\/\/test.sigma-plus.hr\/wp-content\/uploads\/2019\/03\/Sigmaplus_skladiste010-1024x683.jpg\" alt=\"\" width=\"430\" height=\"304\"\/><\/figure><\/div>\n\n\n\n<p>Investirali smo u najmoderniji skladi\u0161ni sustav u Hrvatskoj. Ra\u010dunalno vo\u0111eno automatsko horizontalno \/ podno skladi\u0161te na 1000 m2 s preko 150 skladi\u0161nih mjesta, jedino je takve vrste u Hrvatskoj. Automatsko skladi\u0161te samostalno skladi\u0161ti ali i doprema materijal iz skladi\u0161ta na radni stol raskraja\u010da. Prednosti ovakvog horizontalnog \/ podnog automatskog skladi\u0161nog sustava nad regalnim skladi\u0161tem su vi\u0161estruke. Plo\u010de sa paleta, prilikom istovara, se vakuumskim hvataljkama prebacuju na unaprijed odre\u0111eno mjesto u horizontalnom skladi\u0161tu. U trenutku kada kupac ima potrebu za krojenjem elemenata, automatizirani sustav vakuumskim hvataljkama prima odabranu plo\u010du i dostavlja je na radni stol raskraja\u010da.<\/p>\n\n\n\n<div class=\"wp-block-image\"><figure class=\"alignright size-large is-resized\"><img loading=\"lazy\" decoding=\"async\" src=\"https:\/\/test.sigma-plus.hr\/wp-content\/uploads\/2019\/03\/Sigmaplus_skladiste011-1024x683.jpg\" alt=\"\" width=\"430\" height=\"287\"\/><\/figure><\/div>\n\n\n\n<p> Dok se jedna plo\u010da kroji prema mjerama kupca automatizirani skladi\u0161ni sustav dostavlja sljede\u0107u plo\u010du koja \u010deka na red za krojenje. Na ovaj na\u010din izbjegnuti su svi utovari \u2013 pretovari i transporti, razne manipulacije vili\u010darima po regalnom skladi\u0161tu, ru\u010dno va\u0111enje pojedina\u010dnih plo\u010da iz regala, ru\u010dno slaganje i priprema za krojenje. Sva mogu\u0107a o\u0161te\u0107enja i sitne ogrebotine koje ina\u010de nastaju pri manipulaciji vili\u010darima i ru\u010dnom slaganju su izbjegnute.<br>Od preuzimanja iz tvornice proizvo\u0111a\u010da, preko krojenja i do kona\u010dne isporuke gotovih elemenata, mogu\u0107nost ogrebotina je svedena na najmanju mogu\u0107u mjeru, prakti\u010dno, ogrebotina nema. Ra\u010dunalno vo\u0111enim, automatskim horizontalnim \/podnim skladi\u0161tem, stolarima nudimo iskrojene elemente uz dodatnu KVALITETU PLUS.<\/p>\n\n\n\n<hr class=\"wp-block-separator\"\/>\n\n\n\n<h2 class=\"wp-block-heading\">ZA ISTU CIJENU NUDIMO VI\u0160E<\/h2>\n\n\n\n<p><strong>Sigma plus je investirala u profesionalne industrijske strojeve za rezanje plo\u010dastih materijala. To je na\u0161a nadogradnja na ra\u010dunalno vo\u0111eni automatski skladi\u0161ni sustav. Preciznost strojeva je vrhunska s veoma malim tolerancijama odstupanja od nazivne mjere rezanja. <\/strong><\/p>\n\n\n\n<p>Na ovim strojevima posebnim na\u010dinom rezanja plo\u010da mo\u017eemo izbje\u0107i pojavu savijanja dugih elemenata u bananu. Ovaj postupak rezanja zahtjeva ne\u0161to vi\u0161e materijala i malo vi\u0161e du\u017enih metara rezanja.<br>Pri naru\u010divanju elemenata zatra\u017eite za uske i duge elemente &#8220;rez bez banana&#8221;. Na ovaj na\u010din \u0107e se izbje\u0107i pojava savijanja kod dugih i uskih elemenata a stolari ne\u0107i imati dodate financijske tro\u0161kove, gubitak vremena i neugodnosti.<\/p>\n\n\n\n<p>U tehnolo\u0161kom procesu proizvodnje plo\u010dastih materijala svaka pojedina\u010dna plo\u010da mora pro\u0107i period hla\u0111enja i mirovanja u skladi\u0161tu. Cilj ovog le\u017eanja na skladi\u0161tu je smanjivanje unutarnjih napetosti nakon mehani\u010dko\/termi\u010dkih procesa proizvodnje. Proizvo\u0111a\u010di plo\u010dastih materijala svoje proizvode nastoje \u0161to prije otpremiti iz tvornice te se zbog toga tehnolo\u0161ki proces ubrzava. Naj\u010de\u0161\u0107i na\u010din ubrzavanja tehnolo\u0161kog procesa je prerano pakiranje neohla\u0111enih i neodle\u017eanih plo\u010da u paletu i isporu\u010divanje robe kupcima. \u010cesto se dogodi da se isporu\u010dene plo\u010de u paletama na kamionu jo\u0161 uvijek \u201cpare\u201d ili su tople na dodir. Na ovaj na\u010din su unutarnje napetosti ostale zadr\u017eane u plo\u010dama a mogu se i pove\u0107ati.<\/p>\n\n\n\n<div class=\"wp-block-image\"><figure class=\"alignright size-large is-resized\"><img loading=\"lazy\" decoding=\"async\" src=\"https:\/\/test.sigma-plus.hr\/wp-content\/uploads\/2019\/03\/SIgmaplus_schelling-fh6-1-1024x609.jpg\" alt=\"\" width=\"544\" height=\"323\"\/><\/figure><\/div>\n\n\n\n<p>Prilikom krojenja plo\u010da dolazi do opu\u0161tanja zadr\u017eanih napetosti u materijalima te se pojavljuju raznorazna iskrivljenja iskrojenih elemenata. Naj\u010de\u0161\u0107e se to primje\u0107uje na uskim i dugim elementima. Iskrivljenje dugih i uskih elemenata pod djelovanjem oslobo\u0111enih unutarnjih sila i napetosti se pojavljuje u sve tri koordinatne osi zajedno. \u0160to je element u\u017ei a du\u017ei, to je pojava iskrivljenja ve\u0107a. Pojava savijanja popularno zvano \u201cbanana\u201d predstavlja svim stolarima pote\u0161ko\u0107u i dodatni napor u spajanju takvih iskrivljenih elemenata u kona\u010dni proizvod. Drvni centri naj\u010de\u0161\u0107e odbijaju reklamacije takvog tipa pa stolari veoma \u010desto imaju uz niz neugodnosti i dodatne financijske tro\u0161kove.<\/p>\n\n\n\n<hr class=\"wp-block-separator\"\/>\n\n\n\n<h2 class=\"wp-block-heading\">KANTIRANJE I PRECIZNOST NA INDUSTRIJSKI NA\u010cIN<\/h2>\n\n\n\n<div class=\"wp-block-image\"><figure class=\"alignright size-large is-resized\"><img loading=\"lazy\" decoding=\"async\" src=\"https:\/\/test.sigma-plus.hr\/wp-content\/uploads\/2021\/03\/01-1024x536.jpg\" alt=\"\" class=\"wp-image-5517\" width=\"476\" height=\"244\"\/><\/figure><\/div>\n\n\n\n<div class=\"wp-block-group\"><div class=\"wp-block-group__inner-container is-layout-flow wp-block-group-is-layout-flow\">\n<p>Najnovija investicija poduze\u0107a Sigma plus je u profesionalno industrijsko postrojenje za kantiranje. Radi se najmodernijem postrojenju za kantiranje u Hrvatskoj i \u010ditavoj regiji. <br>Rije\u010d je o potpuno automatiziranom postrojenju opremljenom \u0161ar\u017eerom svih potrebnih traka, automatskim \u010dita\u010dima bar koda za pozicioniranje i okretanje obratka te izborom potrebnih rubnih traka za kantiranje.<\/p>\n<p>Ovo postrojenje \u010dini potpuno razli\u010ditim od svih dosada\u0161njih kanterica u tome \u0161to osigurava apsolutnu paralelnost stranica obratka te savr\u0161enu pravokutnost rubova, du\u017ei i kra\u0107i rub me\u0111usobno te pravokutnost ploha rubova u odnosu na plohe obradaka. Ova pravokutnost posebno dolazi do izra\u017eaja kad se nakon kantiranja odradi bu\u0161enje za spajanje. Pravokutna obrada stvara preduvjete za savr\u0161eno spajanje elemenata u gotovi ormari\u0107.<br>Po \u010demu je jo\u0161 ovo postrojenje posebno? Po tome \u0161to je izuzetno rentabilno, za opslu\u017eivanje cijele platforme koja se prostire na povr\u0161ini od 40 x 60 m, uglavnom se &#8220;brine&#8221; automatika, od ulaganja komada na po\u010detku u postrojenje do slaganja gotovih komada na paletu na kraju procesa obrade.<br>Sustav softvera, kamera i \u010dita\u010da bar koda, svaki obradak prati u sistemu, vrti i okre\u0107e automatski, bira vrste i debljine traka, odre\u0111uje i zauzima duljine i \u0161irine &#8230;. potpuno automatizirano!<\/p>\n<p><em>Princip rada pogledajte na videu;<\/em><\/p>\n<\/div><\/div>\n\n\n\n\n\n<figure class=\"wp-block-embed is-type-video is-provider-youtube wp-block-embed-youtube wp-embed-aspect-16-9 wp-has-aspect-ratio\"><div class=\"wp-block-embed__wrapper\">\n<div class=\"video-container\"><iframe loading=\"lazy\" title=\"ISG US - IMA- Novimat Performance One- edge bander, panel sizing, &amp; edge finishing\" width=\"500\" height=\"281\" src=\"https:\/\/www.youtube.com\/embed\/ixIMOERIbkM?feature=oembed&#038;wmode=opaque\" frameborder=\"0\" allow=\"accelerometer; autoplay; clipboard-write; encrypted-media; gyroscope; picture-in-picture; web-share\" referrerpolicy=\"strict-origin-when-cross-origin\" allowfullscreen><\/iframe><\/div>\n<\/div><\/figure>\n","protected":false},"excerpt":{"rendered":"<p>Suvremeni skladi\u0161ni sustav u slu\u017ebi visoke kvalitete zavr\u0161ne obrade materijala Od preuzimanja iz tvornice proizvo\u0111a\u010da, preko krojenja i do kona\u010dne isporuke gotovih elemenata, mogu\u0107nost ogrebotina je svedena na najmanju mogu\u0107u mjeru, prakti\u010dno, ogrebotina nema.&#46;&#46;&#46;<\/p>\n","protected":false},"author":1,"featured_media":0,"parent":0,"menu_order":0,"comment_status":"closed","ping_status":"closed","template":"","meta":{"footnotes":""},"class_list":["post-2712","page","type-page","status-publish","hentry"],"_links":{"self":[{"href":"https:\/\/test.sigma-plus.hr\/index.php?rest_route=\/wp\/v2\/pages\/2712","targetHints":{"allow":["GET"]}}],"collection":[{"href":"https:\/\/test.sigma-plus.hr\/index.php?rest_route=\/wp\/v2\/pages"}],"about":[{"href":"https:\/\/test.sigma-plus.hr\/index.php?rest_route=\/wp\/v2\/types\/page"}],"author":[{"embeddable":true,"href":"https:\/\/test.sigma-plus.hr\/index.php?rest_route=\/wp\/v2\/users\/1"}],"replies":[{"embeddable":true,"href":"https:\/\/test.sigma-plus.hr\/index.php?rest_route=%2Fwp%2Fv2%2Fcomments&post=2712"}],"version-history":[{"count":0,"href":"https:\/\/test.sigma-plus.hr\/index.php?rest_route=\/wp\/v2\/pages\/2712\/revisions"}],"wp:attachment":[{"href":"https:\/\/test.sigma-plus.hr\/index.php?rest_route=%2Fwp%2Fv2%2Fmedia&parent=2712"}],"curies":[{"name":"wp","href":"https:\/\/api.w.org\/{rel}","templated":true}]}}